is the ten thousands digit of 190822?
9
What is the ten thousands digit of 360805?
6
What is the units digit of 12963541?
1
What is the units digit of 10466712?
2
What is the millions digit of 1820072?
1
What is the units digit of 5799731?
1
What is the units digit of 8770994?
4
What is the units digit of 258412?
2
What is the units digit of 224016?
6
What is the thousands digit of 216456?
6
What is the hundred thousands digit of 1660291?
6
What is the thousands digit of 160910?
0
What is the tens digit of 12011711?
1
What is the thousands digit of 3136382?
6
What is the units digit of 523018?
8
What is the hundreds digit of 5218111?
1
What is the units digit of 177966?
6
What is the units digit of 843?
3
What is the thousands digit of 5073643?
3
What is the tens digit of 8133196?
9
What is the millions digit of 5933011?
5
What is the ten millions digit of 12748566?
1
What is the ten thousands digit of 7463073?
6
What is the tens digit of 8390710?
1
What is the tens digit of 1188705?
0
What is the thousands digit of 1020517?
0
What is the hundreds digit of 9155322?
3
What is the hundred thousands digit of 1623309?
6
What is the hundreds digit of 907769?
7
What is the hundred thousands digit of 2768204?
7
What is the hundreds digit of 361028?
0
What is the ten thousands digit of 52089?
5
What is the hundreds digit of 128176?
1
What is the thousands digit of 11936926?
6
What is the hundred thousands digit of 4545239?
5
What is the millions digit of 4588064?
4
What is the hundreds digit of 309182?
1
What is the ten thousands digit of 3926360?
2
What is the tens digit of 11847443?
4
What is the thousands digit of 2785?
2
What is the hundreds digit of 2891437?
4
What is the thousands digit of 3839079?
9
What is the units digit of 277323?
3
What is the hundred thousands digit of 305563?
3
What is the hundreds digit of 6827093?
0
What is the thousands digit of 771452?
1
What is the units digit of 923546?
6
What is the ten thousands digit of 4649740?
4
What is the units digit of 208269?
9
What is the tens digit of 662202?
0
What is the hundreds digit of 1040468?
4
What is the tens digit of 879286?
8
What is the tens digit of 3989836?
3
What is the tens digit of 110154?
5
What is the ten thousands digit of 20281882?
8
What is the tens digit of 571621?
2
What is the hundreds digit of 322864?
8
What is the ten thousands digit of 478342?
7
What is the thousands digit of 1157151?
7
What is the units digit of 419289?
9
What is the units digit of 2188658?
8
What is the hundreds digit of 225011?
0
What is the millions digit of 6733683?
6
What is the units digit of 505535?
5
What is the thousands digit of 178155?
8
What is the tens digit of 564230?
3
What is the millions digit of 5055896?
5
What is the hundred thousands digit of 322047?
3
What is the hundred thousands digit of 3589430?
5
What is the ten thousands digit of 70347?
7
What is the tens digit of 5534019?
1
What is the ten thousands digit of 797999?
9
What is the units digit of 914756?
6
What is the thousands digit of 264625?
4
What is the hundreds digit of 1071371?
3
What is the tens digit of 2286380?
8
What is the hundreds digit of 11426852?
8
What is the units digit of 189904?
4
What is the units digit of 666752?
2
What is the thousands digit of 607016?
7
What is the thousands digit of 91153?
1
What is the thousands digit of 6932364?
2
What is the millions digit of 4593543?
4
What is the ten thousands digit of 12012172?
1
What is the hundreds digit of 158265?
2
What is the tens digit of 2526928?
2
What is the units digit of 1827174?
4
What is the hundreds digit of 331537?
5
What is the hundreds digit of 23574985?
9
What is the ten thousands digit of 537050?
3
What is the thousands digit of 651131?
1
What is the units digit of 2071256?
6
What is the ten thousands digit of 20343?
2
What is the tens digit of 355299?
9
What is the ten thousands digit of 57268?
5
What is the millions digit of 2698356?
2
What is the hundred thousands digit of 262102?
2
What is the units digit of 571214?
4
What is the ten thousands digit of 9087411?
8
What is the hundred thousands digit of 618444?
6
What is the hundred thousands digit of 1675168?
6
What is the thousands digit of 258614?
8
What is the units digit of 266944?
4
What is the thousands digit of 664808?
4
What is the units digit of 519038?
8
What is the ten thousands digit of 13214916?
1
What is the hundred thousands digit of 108596?
1
What is the ten thousands digit of 306507?
0
What is the thousands digit of 3565569?
5
What is the tens digit of 456381?
8
What is the thousands digit of 784725?
4
What is the hundreds digit of 3507649?
6
What is the hundred thousands digit of 3671375?
6
What is the tens digit of 766053?
5
What is the ten thousands digit of 586062?
8
What is the units digit of 17714420?
0
What is the hundreds digit of 18784322?
3
What is the units digit of 1590113?
3
What is the units digit of 278481?
1
What is the hundreds digit of 146053?
0
What is the hundreds digit of 650703?
7
What is the thousands digit of 641778?
1
What is the units digit of 242641?
1
What is the ten thousands digit of 799082?
9
What is the ten thousands digit of 108931?
0
What is the hundred thousands digit of 117660?
1
What is the ten thousands digit of 6359923?
5
What is the millions digit of 4608547?
4
What is the hundred thousands digit of 1719275?
7
What is the ten thousands digit of 165464?
6
What is the tens digit of 3959964?
6
What is the tens digit of 252064?
6
What is the units digit of 493223?
3
What is the hundred thousands digit of 825208?
8
What is the tens digit of 895403?
0
What is the thousands digit of 244192?
4
What is the hundred thousands digit of 682381?
6
What is the ten thousands digit of 57854?
5
What is the tens digit of 65519?
1
What is the millions digit of 16418414?
6
What is the tens digit of 1648196?
9
What is the tens digit of 738184?
8
What is the units digit of 14973884?
4
What is the ten thousands digit of 2183229?
8
What is the hundred thousands digit of 1763854?
7
What is the hundreds digit of 20848?
8
What is the units digit of 4607540?
0
What is the thousands digit of 1615433?
5
What is the hundreds digit of 725230?
2
What is the hundreds digit of 3386675?
6
What is the units digit of 126203?
3
What is the hundreds digit of 10053241?
2
What is the hundred thousands digit of 211539?
2
What is the units digit of 4886493?
3
What is the units digit of 8467772?
2
What is the thousands digit of 126998?
6
What is the ten thousands digit of 6808836?
0
What is the thousands digit of 11015044?
5
What is the tens digit of 37485735?
3
What is the thousands digit of 1413290?
3
What is the units digit of 3835727?
7
What is the thousands digit of 10153010?
3
What is the hundreds digit of 40022?
0
What is the hundreds digit of 481660?
6
What is the hundred thousands digit of 422295?
4
What is the tens digit of 2494732?
3
What is the millions digit of 28297396?
8
What is the hundred thousands digit of 481933?
4
What is the ten thousands digit of 1873243?
7
What is the hundred thousands digit of 710369?
7
What is the thousands digit of 101741?
1
What is the units digit of 1694940?
0
What is the hundred thousands digit of 15802151?
8
What is the hundred thousands digit of 103358?
1
What is the units digit of 10227582?
2
What is the thousands digit of 5171695?
1
What is the tens digit of 417728?
2
What is the units digit of 34912040?
0
What is the thousands digit of 348261?
8
What is the tens digit of 369481?
8
What is the thousands digit of 61985?
1
What is the hundred thousands digit of 302430?
3
What is the millions digit of 3625383?
3
What is the tens digit of 165922?
2
What is the millions digit of 15386077?
5
What is the units digit of 227685?
5
What is the units digit of 444455?
5
What is the ten thousands digit of 427322?
2
What is the ten thousands digit of 456493?
5
What is the ten thousands digit of 5425428?
2
What is the tens digit of 450062?
6
What is the hundreds digit of 328236?
2
What is the tens digit of 2446602?
0
What is the units digit of 186386?
6
What is the units digit of 253593?
3
What is the hundred thousands digit of 3046588?
0
What is the tens digit of 11349956?
5
What is the tens digit of 484016?
1
What is the hundred th